213022
In base 4, what is -130303120 + 1?
-130303113
In base 5, what is -1124104 - 1?
-1124110
In base 16, what is 4 + -2e42?
-2e3e
In base 10, what is 4 - 4890?
-4886
In base 5, what is 312 + -3230?
-2413
In base 11, what is 2a1537 - -3?
2a153a
In base 11, what is -a69272 - -2?
-a69270
In base 8, what is 12 + -2032?
-2020
In base 4, what is 121232032 + 0?
121232032
In base 13, what is -1344 - 4?
-1348
In base 5, what is -1 + 1003210?
1003204
In base 16, what is -21 + 59aa?
5989
In base 11, what is 3 + -24563?
-24560
In base 6, what is 2525 + 232?
3201
In base 13, what is 10935 - 8a?
10878
In base 16, what is -40 - -c?
-34
In base 3, what is -211011101 + 100?
-211011001
In base 15, what is -3c9 - -4ae?
d5
In base 14, what is -17 + -45d6c?
-45d85
In base 8, what is 4 + -322603?
-322577
In base 6, what is 3 - -14135?
14142
In base 16, what is 2a37 + 16?
2a4d
In base 13, what is 9300 + 10?
9310
In base 9, what is 213540 - 3?
213536
In base 3, what is 10001110 - -10100?
10011210
In base 12, what is -4748 + 4?
-4744
In base 6, what is 3 + 10323534?
10323541
In base 8, what is -1 - 1333146?
-1333147
In base 16, what is -19 + 86?
6d
In base 11, what is 21 + -1930?
-190a
In base 11, what is 249 + 60?
2a9
In base 15, what is -63c1 + -7?
-63c8
In base 6, what is -11 + 204022?
204011
In base 8, what is 316 - -212?
530
In base 11, what is -57425 + -1?
-57426
In base 16, what is -f - -1ac?
19d
In base 2, what is 1000010110111 - -1001?
1000011000000
In base 11, what is -15894 + 3?
-15891
In base 7, what is 10 + 6115?
6125
In base 5, what is -12 + -100231241?
-100231303
In base 14, what is -cb7 - -4c?
-c69
In base 9, what is 511 + -80?
421
In base 5, what is 110 - 10220?
-10110
In base 15, what is -160 + -27a6?
-2916
In base 16, what is -2 - -5d6b?
5d69
In base 15, what is -367 - 3d8?
-750
In base 5, what is 44134 - -20?
44204
In base 3, what is 10 + -1100020011?
-1100020001
In base 8, what is -5 + -35162?
-35167
In base 13, what is 78a48 - -2?
78a4a
In base 6, what is 53 - 113142?
-113045
In base 3, what is 12111012011 - -12?
12111012100
In base 4, what is -13030 - -32123?
13033
In base 10, what is 25 + 10303?
10328
In base 6, what is -1 + -11542201?
-11542202
In base 6, what is -32 + 2233?
2201
In base 5, what is 14 - 2113443?
-2113424
In base 11, what is 4111 + -27?
4095
In base 11, what is 2155 - 33?
2122
In base 4, what is 1322 + -33211?
-31223
In base 3, what is -1211120 + -1011210?
-10000100
In base 3, what is -1210202112 - -1?
-1210202111
In base 2, what is -1010110000001001101 + 11?
-1010110000001001010
In base 13, what is 64192 - 0?
64192
In base 3, what is -1 + 20212001102?
20212001101
In base 5, what is -2 - 441012?
-441014
In base 15, what is 24425 + -4?
24421
In base 12, what is -4 + -8737?
-873b
In base 2, what is -1011001 + -111101000111?
-111110100000
In base 15, what is -2 - -91e?
91c
In base 4, what is 103312023312 - 0?
103312023312
In base 16, what is -22 + -6aa7?
-6ac9
In base 7, what is 11352 + -302?
11050
In base 5, what is -44 - 11130?
-11224
In base 16, what is -a + 82fd6?
82fcc
In base 10, what is 68627 + 1?
68628
In base 11, what is 3 - 71492?
-7148a
In base 16, what is 3 - -48fc?
48ff
In base 5, what is 2032241 - 2?
2032234
In base 14, what is 0 + 1c9c17?
1c9c17
In base 2, what is 11000 - -10011110110101111?
10011110111000111
In base 9, what is -1121186 + -6?
-1121203
In base 16, what is f3a7 + -5?
f3a2
In base 13, what is 72b + 62?
790
In base 12, what is 1084 + -86?
bba
In base 7, what is 6 - 5412?
-5403
In base 7, what is 132 - -160442?
160604
In base 10, what is -1997 + -5?
-2002
In base 16, what is 10f - 4b1?
-3a2
In base 14, what is 9535 + 4?
9539
In base 9, what is -73266 - 5?
-73272
In base 9, what is -48 + -2828?
-2877
In base 15, what is 8890 + -3c?
8853
In base 15, what is -877 - -2b6?
-5b1
In base 8, what is 0 - -117137?
117137
In base 16, what is 57ee - -e?
57fc
In base 16, what is 32 + -2c4?
-292
In base 2, what is 0 - -11100111010001?
11100111010001
In base 5, what is -1 + 442042?
442041
In base 9, what is -458 + -1341?
-1810
In base 12, what is -a4 - -18440?
18358
In base 6, what is -10424123 - 0?
-10424123
In base 13, what is ac - -135?
214
In base 5, what is 41 + 2304400?
2304441
In base 12, what is 7 - -17139?
17144
In base 13, what is 12c4 + -1?
12c3
In base 9, what is 172850 - 8?
172841
In base 8, what is -440 + 3617?
3157
In base 4, what is 1202 - 1101302?
-1100100
In base 14, what is 5c - -4?
62
In base 4, what is -211030233 + -100?
-211030333
In base 7, what is 1002 + 3011?
4013
In base 16, what is 52 - da?
-88
In base 13, what is 575042 + 4?
575046
In base 16, what is -c2 + -ed?
-1af
In base 9, what is 8251458 - 2?
8251456
In base 9, what is 367 - 1404?
-1026
In base 9, what is -17046 - 6?
-17053
In base 4, what is -1032 + -13202021?
-13203113
In base 4, what is -1 - -1023133?
1023132
In base 15, what is -9 - -2e2?
2d8
In base 11, what is 10a2 + 8?
10aa
In base 10, what is 1403948 + 0?
1403948
In base 16, what is 180 - -11f?
29f
In base 5, what is 11441301 + 13?
11441314
In base 8, what is -20020410 + -5?
-20020415
In base 4, what is -21 + 230121?
230100
In base 16, what is 6c + 8bd7?
8c43
In base 5, what is 1121300 - 12?
1121233
In base 16, what is -15c + 19cc?
1870
In base 10, what is 723 - 162?
561
In base 8, what is -3 + -37236?
-37241
In base 11, what is -3a2 + -182?
-574
In base 4, what is -1011 - -12323203?
12322132
In base 6, what is 10105 + -31?
10034
In base 9, what is -10 - 17570?
-17580
In base 7, what is 13 - 603?
-560
In base 15, what is -53c - b?
-548
In base 6, what is 54005 - -14?
54023
In base 6, what is 444325 - -3?
444332
In base 16, what is -3d - 231?
-26e
In base 16, what is b48 + -1?
b47
In base 5, what is 0 - -2000211?
2000211
In base 2, what is 1 - -1011000101001000110?
1011000101001000111
In base 11, what is -177 + 119?
-59
In base 15, what is -6 + 1b5c0c?
1b5c06
In base 8, what is 1 + -144611?
-144610
In base 5, what is 422 - -1213?
2140
In base 5, what is -143 + 113223?
113030
In base 14, what is 19d09 - -3?
19d0c
In base 3, what is 120 + 21102110?
21110000
In base 9, what is 2 - 631105?
-631103
In base 2, what is 10001000010 + -10010111?
1110101011
In base 8, what is -10 + 11451?
11441
In base 8, what is 245 - 6675?
-6430
In base 10, what is -1767 - -10?
-1757
In base 6, what is 341 - 2123?
-1342
In base 15, what is -6 - -d9421?
d941a
In base 13, what is -49bb - 99?
-4a87
In base 11, what is -1578 + 88?
-14a0
In base 15, what is -3 - -e45?
e42
In base 13, what is -728 - 5?
-730
In base 4, what is 31302010 - -1?
31302011
In base 7, what is -504254 + -1?
-504255
In base 8, what is -70 + -7473?
-7563
In base 7, what is -665360 - -13?
-665344
In base 11, what is 4a209 - -13?
4a221
In base 14, what is 0 + 2250?
2250
In base 9, what is 42314 + -1?
42313
In base 6, what is 132411 - -1?
132412
In base 8, what is -1 + 55721?
55720
In base 9, what is -83340 - -4?
-83335
In base 14, what is 8a - 243?
-197
In base 15, what is 8b + 10?
9b
In base 15, what is -112 + -c26?
-d38
In base 2, what is -10100001001010001 - -10?
-10100001001001111
In base 7, what is -420055 + 4?
-420051
In base 10, what is 29 + -64030?
-64001
In base 9, what is 12 + -1612?
-1600
In base 6, what is 451535 - -22?
452001
In base 3, what is -2112010222 + -121?
-2112011120
In base 14, what is -71 + -47?
-b8
In base 14, what is -1 - -1007c?
1007b
In base 5, what is 1233 - 30330?
-24042
In base 12, what is -5 + b3722?
b3719
In base 12, what is -6a24 - -7?
-6a19
In base 10, what is -1 + 81419?
81418
In base 7, what is -24464632 - 5?
-24464640
In base 3, what is -102101210 - 1?
-102101211
In base 7, what is 6435 - 225?
6210
In base 15, what is 8e707 + -a?
8e6ec
In base 8, what is 10171 - 16?
10153
In base 7, what is -65636 - -5?
-65631
In base 8, what is -566 + 13344?
12556
In base 14, what is 569876 + 3?
569879
In base 15, what is -2b + 174b?
1720
In base 10, what is -3628 - -22?
-3606
In base 9, what is 3461 + -55?
3405
In base 16, what is 6cd8a + 1?
6cd8b
In base 16, what is -2 + -2cb5?
-2cb7
In base 5, what is 11110443 + 1?
11110444
In base 5, what is -2001 - 1000?
-3001
In base 16, what is 2d42 + 10?
2d52
In base 5, what is 20 + -4043421?
-4043401
In base 7, what is -3 - -4442?
4436
In base 13, what is -5c3 + 517?
